{"id":9584,"date":"2025-11-28T15:20:17","date_gmt":"2025-11-28T15:20:17","guid":{"rendered":"https:\/\/www.abueling.com\/blog\/?page_id=9584"},"modified":"2026-01-08T16:54:47","modified_gmt":"2026-01-08T16:54:47","slug":"ficha-apellido","status":"publish","type":"page","link":"https:\/\/www.abueling.com\/blog\/ficha-apellido\/","title":{"rendered":"Apellido"},"content":{"rendered":"\t\t<div data-elementor-type=\"wp-page\" data-elementor-id=\"9584\" class=\"elementor elementor-9584\">\n\t\t\t\t<div class=\"elementor-element elementor-element-50786fc e-flex e-con-boxed e-con e-parent\" data-id=\"50786fc\" data-element_type=\"container\" data-e-type=\"container\">\n\t\t\t\t\t<div class=\"e-con-inner\">\n\t\t\t\t<div class=\"elementor-element elementor-element-ec37026 elementor-widget elementor-widget-shortcode\" data-id=\"ec37026\" data-element_type=\"widget\" data-e-type=\"widget\" data-widget_type=\"shortcode.default\">\n\t\t\t\t\t\t\t<div class=\"elementor-shortcode\"><\/div>\n\t\t\t\t\t\t<\/div>\n\t\t\t\t<div class=\"elementor-element elementor-element-896a363 elementor-widget elementor-widget-text-editor\" data-id=\"896a363\" data-element_type=\"widget\" data-e-type=\"widget\" data-widget_type=\"text-editor.default\">\n\t\t\t\t\t\t\t\t\t<ul><li><a href=\"#tipo\">Tipo de apellido<\/a><\/li><li><a href=\"#origen\">Origen y distribuci\u00f3n geogr\u00e1fica<\/a><\/li><li><a href=\"#personajes\">Personas destacadas con este apellido<\/a><\/li><li><a href=\"#registro\">Registro documentado<\/a><\/li><li><a href=\"#escudo\">Escudo her\u00e1ldico<\/a><\/li><li><a href=\"#similares\">Apellidos derivados o similares<\/a><\/li><li><a href=\"#cultura\">Cultura popular<\/a><\/li><li><a href=\"#investigacion\">Recomendaciones para la investigaci\u00f3n geneal\u00f3gica<\/a><\/li><\/ul>\t\t\t\t\t\t\t\t<\/div>\n\t\t\t\t<div class=\"elementor-element elementor-element-683027f elementor-widget elementor-widget-menu-anchor\" data-id=\"683027f\" data-element_type=\"widget\" data-e-type=\"widget\" data-widget_type=\"menu-anchor.default\">\n\t\t\t\t\t\t\t<div class=\"elementor-menu-anchor\" id=\"tipo\"><\/div>\n\t\t\t\t\t\t<\/div>\n\t\t\t\t<div class=\"elementor-element elementor-element-2356248 elementor-widget elementor-widget-heading\" data-id=\"2356248\" data-element_type=\"widget\" data-e-type=\"widget\" data-widget_type=\"heading.default\">\n\t\t\t\t\t<h2 class=\"elementor-heading-title elementor-size-default\">Tipo de apellido<\/h2>\t\t\t\t<\/div>\n\t\t\t\t<div class=\"elementor-element elementor-element-c4077a4 elementor-widget elementor-widget-shortcode\" data-id=\"c4077a4\" data-element_type=\"widget\" data-e-type=\"widget\" data-widget_type=\"shortcode.default\">\n\t\t\t\t\t\t\t<div class=\"elementor-shortcode\"><\/div>\n\t\t\t\t\t\t<\/div>\n\t\t\t\t<div class=\"elementor-element elementor-element-98a7898 elementor-widget elementor-widget-html\" data-id=\"98a7898\" data-element_type=\"widget\" data-e-type=\"widget\" data-widget_type=\"html.default\">\n\t\t\t\t\t<script async src=\"https:\/\/pagead2.googlesyndication.com\/pagead\/js\/adsbygoogle.js?client=ca-pub-1865035596291535\"\r\n     crossorigin=\"anonymous\"><\/script>\r\n<!-- Abueling_Mig_Post -->\r\n<ins class=\"adsbygoogle\"\r\n     style=\"display:block\"\r\n     data-ad-client=\"ca-pub-1865035596291535\"\r\n     data-ad-slot=\"1595167515\"\r\n     data-ad-format=\"auto\"\r\n     data-full-width-responsive=\"true\"><\/ins>\r\n<script>\r\n     (adsbygoogle = window.adsbygoogle || []).push({});\r\n<\/script>\t\t\t\t<\/div>\n\t\t\t\t<div class=\"elementor-element elementor-element-dd95db5 elementor-widget elementor-widget-menu-anchor\" data-id=\"dd95db5\" data-element_type=\"widget\" data-e-type=\"widget\" data-widget_type=\"menu-anchor.default\">\n\t\t\t\t\t\t\t<div class=\"elementor-menu-anchor\" id=\"origen\"><\/div>\n\t\t\t\t\t\t<\/div>\n\t\t\t\t<div class=\"elementor-element elementor-element-42d9f42 elementor-widget elementor-widget-heading\" data-id=\"42d9f42\" data-element_type=\"widget\" data-e-type=\"widget\" data-widget_type=\"heading.default\">\n\t\t\t\t\t<h2 class=\"elementor-heading-title elementor-size-default\">Origen y distribuci\u00f3n geogr\u00e1fica<\/h2>\t\t\t\t<\/div>\n\t\t\t\t<div class=\"elementor-element elementor-element-c76e5fe elementor-widget elementor-widget-shortcode\" data-id=\"c76e5fe\" data-element_type=\"widget\" data-e-type=\"widget\" data-widget_type=\"shortcode.default\">\n\t\t\t\t\t\t\t<div class=\"elementor-shortcode\"><\/div>\n\t\t\t\t\t\t<\/div>\n\t\t\t\t<div class=\"elementor-element elementor-element-c82acf3 elementor-widget elementor-widget-text-editor\" data-id=\"c82acf3\" data-element_type=\"widget\" data-e-type=\"widget\" data-widget_type=\"text-editor.default\">\n\t\t\t\t\t\t\t\t\t<p>A continuaci\u00f3n se muestra en una tabla por provincias la distribuci\u00f3n actual del apellido seg\u00fan el Instituto Nacinal de Estad\u00edstica de Espa\u00f1a.<br \/><br \/>Puedes ver la informaci\u00f3n en un mapa haciendo clic en la pesta\u00f1a \u201c<strong>Mapa<\/strong>\u201d.<\/p>\t\t\t\t\t\t\t\t<\/div>\n\t\t\t\t<div class=\"elementor-element elementor-element-6238877 elementor-widget elementor-widget-shortcode\" data-id=\"6238877\" data-element_type=\"widget\" data-e-type=\"widget\" data-widget_type=\"shortcode.default\">\n\t\t\t\t\t\t\t<div class=\"elementor-shortcode\">\n\n<\/div>\n\t\t\t\t\t\t<\/div>\n\t\t\t\t<div class=\"elementor-element elementor-element-827472c elementor-widget elementor-widget-menu-anchor\" data-id=\"827472c\" data-element_type=\"widget\" data-e-type=\"widget\" data-widget_type=\"menu-anchor.default\">\n\t\t\t\t\t\t\t<div class=\"elementor-menu-anchor\" id=\"personajes\"><\/div>\n\t\t\t\t\t\t<\/div>\n\t\t\t\t<div class=\"elementor-element elementor-element-242d625 elementor-widget elementor-widget-heading\" data-id=\"242d625\" data-element_type=\"widget\" data-e-type=\"widget\" data-widget_type=\"heading.default\">\n\t\t\t\t\t<h2 class=\"elementor-heading-title elementor-size-default\">Personas destacadas con este apellido<\/h2>\t\t\t\t<\/div>\n\t\t\t\t<div class=\"elementor-element elementor-element-0e548dc elementor-widget elementor-widget-shortcode\" data-id=\"0e548dc\" data-element_type=\"widget\" data-e-type=\"widget\" data-widget_type=\"shortcode.default\">\n\t\t\t\t\t\t\t<div class=\"elementor-shortcode\"><\/div>\n\t\t\t\t\t\t<\/div>\n\t\t\t\t<div class=\"elementor-element elementor-element-abe63ff elementor-widget elementor-widget-menu-anchor\" data-id=\"abe63ff\" data-element_type=\"widget\" data-e-type=\"widget\" data-widget_type=\"menu-anchor.default\">\n\t\t\t\t\t\t\t<div class=\"elementor-menu-anchor\" id=\"registro\"><\/div>\n\t\t\t\t\t\t<\/div>\n\t\t\t\t<div class=\"elementor-element elementor-element-861da1b elementor-widget elementor-widget-heading\" data-id=\"861da1b\" data-element_type=\"widget\" data-e-type=\"widget\" data-widget_type=\"heading.default\">\n\t\t\t\t\t<h2 class=\"elementor-heading-title elementor-size-default\">Registro documentado\n<\/h2>\t\t\t\t<\/div>\n\t\t\t\t<div class=\"elementor-element elementor-element-583578e elementor-widget elementor-widget-shortcode\" data-id=\"583578e\" data-element_type=\"widget\" data-e-type=\"widget\" data-widget_type=\"shortcode.default\">\n\t\t\t\t\t\t\t<div class=\"elementor-shortcode\"><\/div>\n\t\t\t\t\t\t<\/div>\n\t\t\t\t<div class=\"elementor-element elementor-element-f8b83df elementor-widget elementor-widget-menu-anchor\" data-id=\"f8b83df\" data-element_type=\"widget\" data-e-type=\"widget\" data-widget_type=\"menu-anchor.default\">\n\t\t\t\t\t\t\t<div class=\"elementor-menu-anchor\" id=\"escudo\"><\/div>\n\t\t\t\t\t\t<\/div>\n\t\t\t\t<div class=\"elementor-element elementor-element-dd83901 elementor-widget elementor-widget-heading\" data-id=\"dd83901\" data-element_type=\"widget\" data-e-type=\"widget\" data-widget_type=\"heading.default\">\n\t\t\t\t\t<h2 class=\"elementor-heading-title elementor-size-default\">Escudo her\u00e1ldico<\/h2>\t\t\t\t<\/div>\n\t\t\t\t<div class=\"elementor-element elementor-element-0320394 elementor-widget elementor-widget-shortcode\" data-id=\"0320394\" data-element_type=\"widget\" data-e-type=\"widget\" data-widget_type=\"shortcode.default\">\n\t\t\t\t\t\t\t<div class=\"elementor-shortcode\"><\/div>\n\t\t\t\t\t\t<\/div>\n\t\t\t\t<div class=\"elementor-element elementor-element-9b13490 elementor-widget elementor-widget-menu-anchor\" data-id=\"9b13490\" data-element_type=\"widget\" data-e-type=\"widget\" data-widget_type=\"menu-anchor.default\">\n\t\t\t\t\t\t\t<div class=\"elementor-menu-anchor\" id=\"similares\"><\/div>\n\t\t\t\t\t\t<\/div>\n\t\t\t\t<div class=\"elementor-element elementor-element-5f76b2c elementor-widget elementor-widget-heading\" data-id=\"5f76b2c\" data-element_type=\"widget\" data-e-type=\"widget\" data-widget_type=\"heading.default\">\n\t\t\t\t\t<h2 class=\"elementor-heading-title elementor-size-default\">Apellidos derivados o similares<\/h2>\t\t\t\t<\/div>\n\t\t\t\t<div class=\"elementor-element elementor-element-a698518 elementor-widget elementor-widget-shortcode\" data-id=\"a698518\" data-element_type=\"widget\" data-e-type=\"widget\" data-widget_type=\"shortcode.default\">\n\t\t\t\t\t\t\t<div class=\"elementor-shortcode\"><\/div>\n\t\t\t\t\t\t<\/div>\n\t\t\t\t<div class=\"elementor-element elementor-element-c002489 elementor-widget elementor-widget-menu-anchor\" data-id=\"c002489\" data-element_type=\"widget\" data-e-type=\"widget\" data-widget_type=\"menu-anchor.default\">\n\t\t\t\t\t\t\t<div class=\"elementor-menu-anchor\" id=\"cultura\"><\/div>\n\t\t\t\t\t\t<\/div>\n\t\t\t\t<div class=\"elementor-element elementor-element-8c4e5d4 elementor-widget elementor-widget-heading\" data-id=\"8c4e5d4\" data-element_type=\"widget\" data-e-type=\"widget\" data-widget_type=\"heading.default\">\n\t\t\t\t\t<h2 class=\"elementor-heading-title elementor-size-default\">Cultura popular<\/h2>\t\t\t\t<\/div>\n\t\t\t\t<div class=\"elementor-element elementor-element-a80df19 elementor-widget elementor-widget-shortcode\" data-id=\"a80df19\" data-element_type=\"widget\" data-e-type=\"widget\" data-widget_type=\"shortcode.default\">\n\t\t\t\t\t\t\t<div class=\"elementor-shortcode\"><\/div>\n\t\t\t\t\t\t<\/div>\n\t\t\t\t<div class=\"elementor-element elementor-element-cfa6d8b elementor-widget elementor-widget-html\" data-id=\"cfa6d8b\" data-element_type=\"widget\" data-e-type=\"widget\" data-widget_type=\"html.default\">\n\t\t\t\t\t<script async src=\"https:\/\/pagead2.googlesyndication.com\/pagead\/js\/adsbygoogle.js?client=ca-pub-1865035596291535\"\r\n     crossorigin=\"anonymous\"><\/script>\r\n<!-- Abueling_Mig_Post -->\r\n<ins class=\"adsbygoogle\"\r\n     style=\"display:block\"\r\n     data-ad-client=\"ca-pub-1865035596291535\"\r\n     data-ad-slot=\"1595167515\"\r\n     data-ad-format=\"auto\"\r\n     data-full-width-responsive=\"true\"><\/ins>\r\n<script>\r\n     (adsbygoogle = window.adsbygoogle || []).push({});\r\n<\/script>\t\t\t\t<\/div>\n\t\t\t\t<div class=\"elementor-element elementor-element-0497420 elementor-widget elementor-widget-menu-anchor\" data-id=\"0497420\" data-element_type=\"widget\" data-e-type=\"widget\" data-widget_type=\"menu-anchor.default\">\n\t\t\t\t\t\t\t<div class=\"elementor-menu-anchor\" id=\"investigacion\"><\/div>\n\t\t\t\t\t\t<\/div>\n\t\t\t\t<div class=\"elementor-element elementor-element-c0c6262 elementor-widget elementor-widget-heading\" data-id=\"c0c6262\" data-element_type=\"widget\" data-e-type=\"widget\" data-widget_type=\"heading.default\">\n\t\t\t\t\t<h2 class=\"elementor-heading-title elementor-size-default\">Recomendaciones para la investigaci\u00f3n geneal\u00f3gica<\/h2>\t\t\t\t<\/div>\n\t\t\t\t<div class=\"elementor-element elementor-element-78dda50 elementor-widget elementor-widget-text-editor\" data-id=\"78dda50\" data-element_type=\"widget\" data-e-type=\"widget\" data-widget_type=\"text-editor.default\">\n\t\t\t\t\t\t\t\t\t<p>La informaci\u00f3n del apellido contenida en esta p\u00e1gina es gen\u00e9rica ya que la investigaci\u00f3n geneal\u00f3gica de un linaje concreto requiere un trabajo de estudio met\u00f3dico y documentado.<\/p><p>El primer paso consiste en recopilar la informaci\u00f3n disponible en el \u00e1mbito familiar: <a href=\"\/certificado-nacimiento-espana\">partidas de nacimiento<\/a>, matrimonio y defunci\u00f3n, as\u00ed como fotograf\u00edas y testimonios orales de generaciones anteriores.<\/p><p>A continuaci\u00f3n, ser\u00e1 interesante contrastar esos datos con la informaci\u00f3n oficial proveniente de registros oficiales, <a href=\"\/blog\/hasta-donde-se-puede-llegar\/\">archivos parroquiales<\/a> y censos hist\u00f3ricos, que confirmar\u00e1n o no la <a href=\"\/investigacion-genealogica\">historia familiar<\/a> transmitida oralmente.<\/p><p>Se debe tener en cuenta que este apellido puede presentar variantes ortogr\u00e1ficas seg\u00fan la \u00e9poca y or\u00edgenes independientes, por lo que la b\u00fasqueda debe mantenerse flexible y abierta a diferentes hip\u00f3tesis.<br \/>La consulta de bases de datos, hemerotecas y asociaciones geneal\u00f3gicas en la zona de procedencia puede ampliar las posibilidades de \u00e9xito en la b\u00fasqueda.<\/p><p>En abueling.com ponemos nuestro <a href=\"https:\/\/www.abueling.com\/investigacion-genealogica\">servicio de investigaci\u00f3n geneal\u00f3gica<\/a> a su disposici\u00f3n si necesita ayuda o desea encargarnos la investigaci\u00f3n de su \u00e1rbol geneal\u00f3gico.<\/p>\t\t\t\t\t\t\t\t<\/div>\n\t\t\t\t<div class=\"elementor-element elementor-element-2bcbd6a elementor-widget elementor-widget-shortcode\" data-id=\"2bcbd6a\" data-element_type=\"widget\" data-e-type=\"widget\" data-widget_type=\"shortcode.default\">\n\t\t\t\t\t\t\t<div class=\"elementor-shortcode\"><h3>Haz clic en la letra inicial para ver el listado completo de apellidos:<\/h3><div class=\"abu-abecedario\"><a class=\"abu-btn\" href=\"\/blog\/apellidos-espanoles-letra-a\/\">A<\/a><a class=\"abu-btn\" href=\"\/blog\/apellidos-espanoles-letra-b\/\">B<\/a><a class=\"abu-btn\" href=\"\/blog\/apellidos-espanoles-letra-c\/\">C<\/a><a class=\"abu-btn\" href=\"\/blog\/apellidos-espanoles-letra-d\/\">D<\/a><a class=\"abu-btn\" href=\"\/blog\/apellidos-espanoles-letra-e\/\">E<\/a><a class=\"abu-btn\" href=\"\/blog\/apellidos-espanoles-letra-f\/\">F<\/a><a class=\"abu-btn\" href=\"\/blog\/apellidos-espanoles-letra-g\/\">G<\/a><a class=\"abu-btn\" href=\"\/blog\/apellidos-espanoles-letra-h\/\">H<\/a><a class=\"abu-btn\" href=\"\/blog\/apellidos-espanoles-letra-i\/\">I<\/a><a class=\"abu-btn\" href=\"\/blog\/apellidos-espanoles-letra-j\/\">J<\/a><a class=\"abu-btn\" href=\"\/blog\/apellidos-espanoles-letra-k\/\">K<\/a><a class=\"abu-btn\" href=\"\/blog\/apellidos-espanoles-letra-l\/\">L<\/a><a class=\"abu-btn\" href=\"\/blog\/apellidos-espanoles-letra-m\/\">M<\/a><a class=\"abu-btn\" href=\"\/blog\/apellidos-espanoles-letra-n\/\">N<\/a><a class=\"abu-btn\" href=\"\/blog\/apellidos-espanoles-letra-o\/\">O<\/a><a class=\"abu-btn\" href=\"\/blog\/apellidos-espanoles-letra-p\/\">P<\/a><a class=\"abu-btn\" href=\"\/blog\/apellidos-espanoles-letra-q\/\">Q<\/a><a class=\"abu-btn\" href=\"\/blog\/apellidos-espanoles-letra-r\/\">R<\/a><a class=\"abu-btn\" href=\"\/blog\/apellidos-espanoles-letra-s\/\">S<\/a><a class=\"abu-btn\" href=\"\/blog\/apellidos-espanoles-letra-t\/\">T<\/a><a class=\"abu-btn\" href=\"\/blog\/apellidos-espanoles-letra-u\/\">U<\/a><a class=\"abu-btn\" href=\"\/blog\/apellidos-espanoles-letra-v\/\">V<\/a><a class=\"abu-btn\" href=\"\/blog\/apellidos-espanoles-letra-w\/\">W<\/a><a class=\"abu-btn\" href=\"\/blog\/apellidos-espanoles-letra-x\/\">X<\/a><a class=\"abu-btn\" href=\"\/blog\/apellidos-espanoles-letra-y\/\">Y<\/a><a class=\"abu-btn\" href=\"\/blog\/apellidos-espanoles-letra-z\/\">Z<\/a><\/div><\/div>\n\t\t\t\t\t\t<\/div>\n\t\t\t\t<div class=\"elementor-element elementor-element-8175931 elementor-widget elementor-widget-text-editor\" data-id=\"8175931\" data-element_type=\"widget\" data-e-type=\"widget\" data-widget_type=\"text-editor.default\">\n\t\t\t\t\t\t\t\t\t<p><strong>Aviso sobre el contenido<br \/><\/strong> La informaci\u00f3n recogida en esta p\u00e1gina combina datos obtenidos de nuestras investigaciones geneal\u00f3gicas, consultas a bases de datos oficiales y textos asistidos por inteligencia artificial. <br \/>Los <a href=\"\/escudos-heraldicos\">escudos her\u00e1ldicos<\/a> han sido dibujados por el equipo de dise\u00f1o de Abueling.<\/p>\t\t\t\t\t\t\t\t<\/div>\n\t\t\t\t\t<\/div>\n\t\t\t\t<\/div>\n\t\t\t\t<\/div>\n\t\t","protected":false},"excerpt":{"rendered":"<p>Tipo de apellido Origen y distribuci\u00f3n geogr\u00e1fica Personas destacadas con este apellido Registro documentado Escudo her\u00e1ldico Apellidos derivados o similares Cultura popular Recomendaciones para la investigaci\u00f3n geneal\u00f3gica Tipo de apellido Origen y distribuci\u00f3n &hellip; <\/p>\n","protected":false},"author":2,"featured_media":0,"parent":0,"menu_order":0,"comment_status":"closed","ping_status":"closed","template":"","meta":{"footnotes":""},"class_list":["post-9584","page","type-page","status-publish","hentry"],"aioseo_notices":[],"_links":{"self":[{"href":"https:\/\/www.abueling.com\/blog\/wp-json\/wp\/v2\/pages\/9584","targetHints":{"allow":["GET"]}}],"collection":[{"href":"https:\/\/www.abueling.com\/blog\/wp-json\/wp\/v2\/pages"}],"about":[{"href":"https:\/\/www.abueling.com\/blog\/wp-json\/wp\/v2\/types\/page"}],"author":[{"embeddable":true,"href":"https:\/\/www.abueling.com\/blog\/wp-json\/wp\/v2\/users\/2"}],"replies":[{"embeddable":true,"href":"https:\/\/www.abueling.com\/blog\/wp-json\/wp\/v2\/comments?post=9584"}],"version-history":[{"count":184,"href":"https:\/\/www.abueling.com\/blog\/wp-json\/wp\/v2\/pages\/9584\/revisions"}],"predecessor-version":[{"id":10101,"href":"https:\/\/www.abueling.com\/blog\/wp-json\/wp\/v2\/pages\/9584\/revisions\/10101"}],"wp:attachment":[{"href":"https:\/\/www.abueling.com\/blog\/wp-json\/wp\/v2\/media?parent=9584"}],"curies":[{"name":"wp","href":"https:\/\/api.w.org\/{rel}","templated":true}]}}